.
20
Calculate the remainder when 1076 is divided by 72.
68
What is the remainder when 2143 is divided by 8?
7
Calculate the remainder when 2399 is divided by 30.
29
Calculate the remainder when 181 is divided by 93.
88
Calculate the remainder when 1032 is divided by 104.
96
Calculate the remainder when 1432 is divided by 41.
38
Calculate the remainder when 2278 is divided by 88.
78
What is the remainder when 49 is divided by 43?
6
Calculate the remainder when 10186 is divided by 18.
16
What is the remainder when 28640 is divided by 31?
27
Calculate the remainder when 364 is divided by 73.
72
Calculate the remainder when 598 is divided by 123.
106
What is the remainder when 1235 is divided by 118?
55
Calculate the remainder when 3259 is divided by 163.
162
What is the remainder when 585 is divided by 219?
147
Calculate the remainder when 5391 is divided by 58.
55
Calculate the remainder when 195 is divided by 28.
27
Calculate the remainder when 719 is divided by 52.
43
What is the remainder when 45 is divided by 8?
5
What is the remainder when 43 is divided by 8?
3
What is the remainder when 254 is divided by 82?
8
Calculate the remainder when 99 is divided by 21.
15
What is the remainder when 708 is divided by 21?
15
What is the remainder when 777 is divided by 39?
36
Calculate the remainder when 65 is divided by 52.
13
Calculate the remainder when 145 is divided by 78.
67
What is the remainder when 1309 is divided by 18?
13
Calculate the remainder when 220 is divided by 62.
34
Calculate the remainder when 1215 is divided by 21.
18
Calculate the remainder when 957 is divided by 24.
21
Calculate the remainder when 2078 is divided by 130.
128
Calculate the remainder when 47 is divided by 29.
18
Calculate the remainder when 103 is divided by 4.
3
What is the remainder when 64 is divided by 5?
4
What is the remainder when 373 is divided by 34?
33
Calculate the remainder when 4608 is divided by 11.
10
What is the remainder when 516 is divided by 65?
61
What is the remainder when 2309 is divided by 64?
5
What is the remainder when 5559 is divided by 139?
138
Calculate the remainder when 497 is divided by 63.
56
What is the remainder when 1323 is divided by 16?
11
What is the remainder when 496 is divided by 50?
46
What is the remainder when 464 is divided by 20?
4
Calculate the remainder when 616 is divided by 45.
31
What is the remainder when 249 is divided by 10?
9
Calculate the remainder when 68 is divided by 40.
28
What is the remainder when 403 is divided by 35?
18
What is the remainder when 242 is divided by 32?
18
Calculate the remainder when 93 is divided by 20.
13
What is the remainder when 349 is divided by 44?
41
Calculate the remainder when 1307 is divided by 120.
107
Calculate the remainder when 477 is divided by 94.
7
What is the remainder when 56788 is divided by 30?
28
Calculate the remainder when 326 is divided by 101.
23
Calculate the remainder when 287 is divided by 32.
31
What is the remainder when 21 is divided by 8?
5
What is the remainder when 127 is divided by 4?
3
What is the remainder when 113 is divided by 52?
9
Calculate the remainder when 87 is divided by 11.
10
What is the remainder when 375 is divided by 371?
4
What is the remainder when 24046 is divided by 19?
11
What is the remainder when 107 is divided by 105?
2
Calculate the remainder when 4355 is divided by 291.
281
Calculate the remainder when 197 is divided by 96.
5
Calculate the remainder when 15 is divided by 6.
3
What is the remainder when 8278 is divided by 69?
67
What is the remainder when 1426 is divided by 130?
126
What is the remainder when 428 is divided by 122?
62
What is the remainder when 314 is divided by 20?
14
Calculate the remainder when 207 is divided by 6.
3
Calculate the remainder when 564 is divided by 58.
42
What is the remainder when 292 is divided by 99?
94
Calculate the remainder when 78 is divided by 77.
1
What is the remainder when 172 is divided by 55?
7
Calculate the remainder when 873 is divided by 55.
48
Calculate the remainder when 457 is divided by 48.
25
Calculate the remainder when 1228 is divided by 77.
73
Calculate the remainder when 282 is divided by 71.
69
Calculate the remainder when 145 is divided by 37.
34
Calculate the remainder when 1624 is divided by 11.
7
What is the remainder when 21 is divided by 1?
0
What is the remainder when 756 is divided by 10?
6
What is the remainder when 776 is divided by 19?
16
Calculate the remainder when 112 is divided by 48.
16
Calculate the remainder when 365 is divided by 22.
13
What is the remainder when 7 is divided by 5?
2
Calculate the remainder when 344 is divided by 115.
114
Calculate the remainder when 15 is divided by 10.
5
What is the remainder when 709 is divided by 228?
25
What is the remainder when 638 is divided by 94?
74
Calculate the remainder when 106 is divided by 16.
10
What is the remainder when 2364 is divided by 2350?
14
Calculate the remainder when 63 is divided by 11.
8
What is the remainder when 607 is divided by 101?
1
Calculate the remainder when 93 is divided by 24.
21
Calculate the remainder when 38 is divided by 4.
2
Calculate the remainder when 567 is divided by 44.
39
What is the remainder when 476 is divided by 247?
229
What is the remainder when 5391 is divided by 2692?
7
What is the remainder when 2289 is divided by 453?
24
What is the remainder when 1562 is divided by 264?
242
What is the remainder when 114 is divided by 39?
36
Calculate the remainder when 6402 is divided by 13.
6
Calculate the remainder when 1311 is divided by 48.
15
Calculate the remainder when 663 is divided by 19.
17
Calculate the remainder when 71 is divided by 57.
14
Calculate the remainder when 572 is divided by 23.
20
What is the remainder when 730 is divided by 31?
17
What is the remainder when 17667 is divided by 95?
92
Calculate the remainder when 63 is divided by 29.
5
Calculate the remainder when 22057 is divided by 20.
17
Calculate the remainder when 152 is divided by 13.
9
Calculate the remainder when 400 is divided by 130.
10
Calculate the remainder when 233 is divided by 12.
5
Calculate the remainder when 1218 is divided by 132.
30
What is the remainder when 24375 is divided by 19?
17
What is the remainder when 277 is divided by 90?
7
Calculate the remainder when 23 is divided by 7.
2
What is the remainder when 3912 is divided by 1954?
4
What is the remainder when 252 is divided by 65?
57
What is the remainder when 194 is divided by 41?
30
Calculate the remainder when 2273 is divided by 120.
113
What is the remainder when 426 is divided by 54?
48
Calculate the remainder when 780 is divided by 83.
33
What is the remainder when 32 is divided by 6?
2
What is the remainder when 4447 is divided by 1476?
19
Calculate the remainder when 980 is divided by 22.
12
Calculate the remainder when 243 is divided by 64.
51
Calculate the remainder when 74 is divided by 41.
33
What is the remainder when 432 is divided by 12?
0
What is the remainder when 1652 is divided by 277?
267
Calculate the remainder when 209 is divided by 86.
37
What is the remainder when 614 is divided by 28?
26
What is the remainder when 4978 is divided by 621?
10
Calculate the remainder when 301 is divided by 44.
37
What is the remainder when 211 is divided by 56?
43
Calculate the remainder when 3935 is divided by 35.
15
Calculate the remainder when 3025 is divided by 381.
358
What is the remainder when 315 is divided by 5?
0
Calculate the remainder when 67 is divided by 24.
19
Calculate the remainder when 40 is divided by 25.
15
Calculate the remainder when 18838 is divided by 83.
80
What is the remainder when 159 is divided by 19?
7
What is the remainder when 169 is divided by 13?
0
What is the remainder when 1174 is divided by 14?
12
Calculate the remainder when 178 is divided by 60.
58
Calculate the remainder when 2788 is divided by 93.
91
What is the remainder when 157 is divided by 42?
31
Calculate the remainder when 1630 is divided by 48.
46
Calculate the remainder when 2882 is divided by 191.
17
What is the remainder when 90 is divided by 73?
17
What is the remainder when 905 is divided by 207?
77
What is the remainder when 3779 is divided by 70?
69
Calculate the remainder when 349 is divided by 40